g + 12. Let h be w(3). Suppose y = -3*o + h - 21. What is the tens digit of o?
2
Suppose 4*k + k - 35 = 0. Suppose l + 2 = k. Suppose -x + 2*u = 3*u - 36, -l*x = 4*u - 176. What is the tens digit of x?
3
Suppose -6*u + 5 = -1. What is the units digit of (27/12)/(u/100)?
5
Let q = 9076 - 6398. What is the units digit of q?
8
Let w(g) = g**2 - g - 8. Let u be w(-7). Let i be 40/2*u/(-40). What is the units digit of (i/20)/((-3)/15)?
6
Let q(c) = 29*c**3 - 2*c**2 + c. Let s(v) = -2*v - 12. Let p be s(-13). Let j = p - 13. What is the tens digit of q(j)?
2
What is the hundreds digit of 10/(-90) + -1 + (-9524)/(-18)?
5
Let o be 5/(-10) + 73/2. Let q = -19 + o. Suppose -j = -11 - q. What is the tens digit of j?
2
Suppose -6*g = -2*g - 20. Suppose -g*a - 11 = -4*f, 2*f - 2*a = 2*a + 4. What is the units digit of f?
4
Suppose 3*h + 2261 = 10*h. What is the tens digit of h?
2
Let h = 16 - 18. Let f be 18/6 + h + 1. Let y(w) = -w**3 + 5*w**2 - 4*w + 5. What is the units digit of y(f)?
9
Suppose -a = -0*a - 4*j + 12, -2*a + 1 = -3*j. Suppose -x - 3*h + a*h = -27, -4*x + 4*h + 172 = 0. What is the units digit of x?
7
Suppose -10*c = -6*c + 2*n - 30, 0 = c - 5*n - 13. Let o be (-9)/(-2) + 2/(-4). Let s = o + c. What is the units digit of s?
2
Suppose 2*u = f + 3*u + 5, 4*u + 26 = -5*f. What is the hundreds digit of (-18)/(-3)*(-27)/f*4?
1
Suppose -13*o + 27 = -4*o. Suppose 3*d = 5*n - 251, -o*n = -2*d + 59 - 210. What is the units digit of n?
9
Let k(n) = -n**2 - 46*n - 29. What is the tens digit of k(-22)?
9
Suppose 0 = 5*x + 32 - 447. Let z = x - 47. What is the units digit of z?
6
Suppose 4 - 3 = q. Suppose q = -4*r + 9, 4*b - 738 = 3*r. What is the units digit of 4/(-10) + b/15?
2
Let l = -150 + 562. What is the tens digit of l?
1
Let h(t) = 9*t - 26. Let l be h(6). What is the tens digit of 1211/l - (-5)/(-20)?
4
Let k(t) = -560*t + 60. What is the tens digit of k(-2)?
8
Let z(t) = -10 + 4 + 26 + 1 + t. Let w be 44/(-3) + (-3)/9. What is the units digit of z(w)?
6
Suppose 5*h - f - 1945 = 0, -2*h - 3*h + 1970 = 4*f. Suppose h = 5*g + 10. What is the units digit of g?
6
Let t be (2 - -2) + 4/(-4). Let n be (-1 - -135) + -1 + t. Suppose -5*i + n = 36. What is the tens digit of i?
2
Let n(m) = -4*m**2 + m. Let k(u) = -u**3 + 5*u**2 - u + 6. Let j be k(5). Let w be n(j). Let h(y) = -9*y - 8. What is the tens digit of h(w)?
1
Let h(b) = -3*b**2 - b - 1. Let a be h(-3). Suppose 5*f - 331 + 86 = 0. Let w = f + a. What is the tens digit of w?
2
What is the hundreds digit of 80697/(-74)*6/(-9)?
7
Let o(t) = -t - 2. Let b be o(-5). Suppose 2*r = b*r - 5. Suppose -r*d = -170 - 60. What is the units digit of d?
6
Let p = 868 + -266. What is the units digit of p?
2
Suppose 3*w + v + 195 - 61 = 0, 4*v = 3*w + 124. Let o = w - -87. What is the units digit of o?
3
What is the units digit of 12/18 + (-10107)/(-27)?
5
Let g(d) = -16*d**3 + d. Let f be g(1). Let t be ((-4)/12)/(1/f). Suppose -2*n + 6 = h, -5*h + 0*h = -t*n - 75. What is the units digit of h?
2
Let o(n) be the third derivative of -2*n**4/3 - 17*n**3/6 + 19*n**2. What is the units digit of o(-7)?
5
Let u(l) = -30*l**3 - 24*l**2 + 14. What is the thousands digit of u(-5)?
3
Let a be 1 - ((-16)/(-4))/(-4). Suppose -a*j - 3*j + 865 = 0. Suppose 5*s - j = -4*v, -2*s - 3*v = -5*v - 80. What is the tens digit of s?
3
Let t(c) = 2*c + 55. Suppose 0 = 2*o - 2*i - i + 21, -5*o - 4*i = 41. What is the tens digit of t(o)?
3
Let n = -86 + 566. What is the units digit of n?
0
Let x(w) = -4*w + 5*w + 14*w**2 + w - 1. What is the units digit of x(2)?
9
Let h(f) = -f + 9. Let g be h(4). Suppose -376 = -g*v + 3*r, -3*r - r = 4*v - 320. What is the tens digit of v?
7
Suppose -4*q + 13 = -7. Suppose -d + 3*v = 19 - q, -24 = -4*d - 4*v. What is the units digit of 27/d + (-2 - 0)?
5
Let b(o) = -10*o + 48. Let t be b(-18). Suppose 18*g - 21*g + t = 0. What is the tens digit of g?
7
Let x = -29 - -40. Let n = 3 - -32. Suppose z + x - n = 0. What is the tens digit of z?
2
Let l = 4 + -1. Let h be l*(-1)/3*-2. What is the tens digit of (18/h)/(3/8)?
2
Suppose 2*z - 3*i - 90 = 0, -3*z + 81 + 48 = -3*i. Suppose s - 33 = z. Suppose -3*b + 3*q = -0*b - 108, -5*q = -2*b + s. What is the tens digit of b?
3
Suppose -14*r - 9009 = -27*r. What is the units digit of r?
3
Suppose 98*x - 91*x = 1540. What is the units digit of x?
0
Suppose 37 = -3*d + 4. Let o(q) = -q**3 + 3*q**2 + 4*q + 3. Let b be o(4). What is the tens digit of b*(4 + (0 - d))?
4
Suppose 2*w = 3*i - 4*i + 3, -4*w = -4*i - 24. Suppose -6*q + 860 = -2*q - 5*y, 0 = w*y. What is the hundreds digit of q?
2
Let u be (-15 + 13)*(-114)/4. Let d = u + -25. What is the tens digit of d?
3
Let n = 1089 - 99. What is the hundreds digit of n?
9
Let n(w) = 306*w - 480. What is the thousands digit of n(5)?
1
Let c be 101/9 - 6/27. Let s = -324 + 312. What is the units digit of c + s - (-1 + -35)?
5
Let v be (-1)/(1 + 24/(-30)). What is the tens digit of ((-8 - v) + 11)*22?
7
Let g = -228 + 1278. Suppose -5*x - 2*x = -g. What is the units digit of x?
0
Let s = -20 + 41. Let q = s + -13. What is the tens digit of (-15)/(4/(q/(-3)))?
1
Let h(r) = -17*r**3 + 2*r**2 + 11*r + 1. What is the tens digit of h(-3)?
4
Suppose -16 = 4*f, 4*z + f - 9467 = 2601. What is the hundreds digit of z?
0
Suppose 13392 = 5*f - 4*c, -4*f - 2*c = -718 - 9980. What is the tens digit of f?
7
Let y = 72 + 1259. What is the thousands digit of y?
1
Let n be 5/(-2)*(-4)/5. Suppose -16*h + 470 = -21*h. What is the units digit of (-2)/3*(h - n)?
4
Suppose -h + 210 = o, -3*h - o + 3*o + 655 = 0. What is the tens digit of h?
1
Suppose -8*z = -15*z + 14. Suppose 2*l + 130 = z*c, -5*c + 138 = -l - 183. What is the tens digit of c?
6
Suppose c - 120 = 138. Let a = -142 + c. What is the hundreds digit of a?
1
Suppose 0 = -5*y - 5*a + 4180, 0 = 2*y + 7*a - 11*a - 1702. What is the tens digit of y?
4
Let v(w) = 13*w**2 - 6*w + 106. What is the thousands digit of v(-17)?
3
Let s = 23 + -11. Let y = -9 + s. Suppose 0 = -2*a + y*r + 85, r - 46 = -5*a + 141. What is the tens digit of a?
3
Let x be -3*6*(-3)/2. Let t = x - -40. What is the tens digit of t?
6
What is the tens digit of (361 - 2)*(-10 - -11)?
5
Suppose 0 = 2*v - 618 + 142. Let d = v + -106. Suppose -4*q + 80 = -d. What is the units digit of q?
3
Let d(f) = 3*f**2 + 3*f + 29. What is the hundreds digit of d(9)?
2
Let x(t) = -3*t**3 - 3*t**2 - t - 1. Let q = -9 + 14. Suppose -3*k - 3*l + 0 + 6 = 0, 24 = -2*k + q*l. What is the units digit of x(k)?
3
Let w = 38 + -37. Let z(v) = 21*v + 1. What is the tens digit of z(w)?
2
Let r(g) = 11*g - 4*g**3 - 6 - 8*g + 7*g**2 - 4*g. Let k(l) = 3*l**3 - 7*l**2 + 6. Let j(n) = -3*k(n) - 2*r(n). What is the units digit of j(7)?
8
Suppose 5*k - 2*r - 2252 = 0, 6*k - 5*k + 5*r - 445 = 0. What is the units digit of k?
0
Suppose 5*b - 1422 = 3*t, -t + 5*t + 1144 = 4*b. Suppose -4*k + 70 = -b. Suppose -k = z - 5*z. What is the tens digit of z?
2
Suppose 0 = 30*y - 25*y - 10. Suppose -6*l - y*l + 280 = 0. What is the tens digit of l?
3
Let n be 2*(2/10 - 1128/(-60)). Suppose v - 119 = n. What is the hundreds digit of v?
1
Suppose -2*d - 117*x + 116*x = -5462, -4*d + 10936 = -4*x. What is the hundreds digit of d?
7
Let s(f) = 3*f - 26. Let q be s(11). Suppose 0 = -q*o + 2*o + 90. What is the tens digit of o?
1
Let r(i) be the first derivative of 7*i**3/3 + 7*i**2/2 - i - 10. What is the tens digit of r(-3)?
4
Suppose -4*l + 4 = -4. Suppose 155 = l*z + h, -3*z + 118 + 111 = 5*h. What is the units digit of z?
8
Let r = -15 - -17. Suppose 2*s - d = -3*s + 457, -r*d = 4*s - 374. What is the tens digit of s?
9
Let v = 6 + 1. Suppose -b + 72 = v*b. Suppose 0 = -4*o + 3*o + b. What is the units digit of o?
9
What is the units digit of (6279/(-28))/(6/(-32)*2)?
8
Suppose -3*v - 2*u + 580 = 0, 3*v + 4*u = -141 + 719. Let h = v - 134. What is the units digit of h?
0
Let q(p) = 2*p + 3. Let g be q(0). Let s = g - -15. Suppose 3*m - 4*m = -s. What is the units digit of m?
8
Let w = 16 + -13. Let f be (-4 + w)*(50 + -1). Let z = -33 - f. What is the units digit of z?
6
What is the hundreds digit of (-236)/(-118) - -1954*1?
9
Let p be (-1 + 2)*(-7)/(21/(-18)). What is the units digit of -58*(-4 + -4 + p)?
6
Let l = -18 - -5. Let r = -9 - l. Suppose -4